{"id":22521,"date":"2023-03-14T12:52:57","date_gmt":"2023-03-14T12:52:57","guid":{"rendered":"https:\/\/www.innovart.pt\/n2\/?page_id=22521"},"modified":"2023-03-16T13:32:22","modified_gmt":"2023-03-16T13:32:22","slug":"arquitetura","status":"publish","type":"page","link":"https:\/\/www.innovart.pt\/n2\/arquitetura\/","title":{"rendered":"Arquitetura"},"content":{"rendered":"<div class=\"wpb-content-wrapper\"><p>[vc_row row_type=&#8221;row&#8221; use_row_as_full_screen_section=&#8221;no&#8221; type=&#8221;full_width&#8221; text_align=&#8221;left&#8221; background_animation=&#8221;none&#8221; css_animation=&#8221;&#8221;][vc_column][vc_column_text]<\/p>\n<h3 style=\"text-align: left;\">Pel\u00edculas de revestimento de superficies para design de interiores<\/h3>\n<p>&nbsp;<\/p>\n<p style=\"text-align: left;\"><strong>Os vinis decorativos s\u00e3o ideais para inovar no seu projeto ou para aplicar em qualquer ideia criativa.<\/strong> <strong>As pel\u00edculas s\u00e3o produzidas com um componente adesivo especializado, aderem em superf\u00edcies lisas e rugosas, podem ser utilizadas para renovar mobili\u00e1rio, revestir portas, paredes interiores ou exteriores.<\/strong><\/p>\n<p style=\"text-align: left;\"><strong>Existem v\u00e1rias texturas e cores.<\/strong><\/p>\n<p style=\"text-align: left;\"><strong>(entre em contato para saber mais).<\/strong><\/p>\n<p>&nbsp;<\/p>\n<p>&nbsp;<\/p>\n<p>[\/vc_column_text][\/vc_column][\/vc_row][vc_row row_type=&#8221;row&#8221; use_row_as_full_screen_section=&#8221;no&#8221; type=&#8221;full_width&#8221; text_align=&#8221;left&#8221; background_animation=&#8221;none&#8221; css_animation=&#8221;&#8221;][vc_column][vc_column_text]<\/p>\n<h4>Madeira<\/h4>\n<p>A gama <b>madeira<\/b> \u00e9 inspirada em diferentes esp\u00e9cies de \u00e1rvore. Podem ser colocadas em portas, arm\u00e1rios, mesas ou dar asas \u00e0 imagina\u00e7\u00e3o.<\/p>\n<p>Temos v\u00e1rias solu\u00e7\u00f5es para si.<\/p>\n<p>[\/vc_column_text][\/vc_column][vc_column][vc_single_image image=&#8221;22552&#8243; img_size=&#8221;500&#215;500&#8243; qode_css_animation=&#8221;&#8221;][vc_empty_space height=&#8221;55px&#8221;][\/vc_column][vc_column][vc_column_text]<\/p>\n<h4>Pedra<\/h4>\n<p>A gama <b>m\u00e1rmore <\/b>d\u00e1 um aspeto luxuoso e \u00e9 bastante realista. Consegue facilmente melhorar o aspeto da sua bancada de cozinha ou da sua casa de banho.<\/p>\n<p>Temos v\u00e1rias solu\u00e7\u00f5es para si.<\/p>\n<p>[\/vc_column_text][vc_single_image image=&#8221;22581&#8243; img_size=&#8221;500&#215;500&#8243; qode_css_animation=&#8221;&#8221;][vc_empty_space height=&#8221;55px&#8221;][vc_column_text]<\/p>\n<h4>Cores S\u00f3lidas<\/h4>\n<p>A gama <strong>cores s\u00f3lidas <\/strong>s\u00e3o ideais para transformar paredes, portas e m\u00f3veis. Uma boa alternativa \u00e0 tinta!<\/p>\n<p>Temos v\u00e1rias solu\u00e7\u00f5es para si.[\/vc_column_text][vc_single_image image=&#8221;22585&#8243; img_size=&#8221;500&#215;500&#8243; qode_css_animation=&#8221;&#8221;][vc_empty_space height=&#8221;55px&#8221;][vc_column_text]<\/p>\n<h4>Pele<\/h4>\n<p>A gama <strong>pele<\/strong> faz com que a sua decora\u00e7\u00e3o fique com um efeito &#8220;pele animal&#8221;. S\u00e3o diferentes texturas onde permitem criar um pequeno grande pormenor na sua casa ou no seu estabelecimento.<\/p>\n<p>Temos v\u00e1rias solu\u00e7\u00f5es para si.[\/vc_column_text][vc_single_image image=&#8221;22587&#8243; img_size=&#8221;500&#215;500&#8243; qode_css_animation=&#8221;&#8221;][vc_empty_space height=&#8221;55px&#8221;][vc_column_text]<\/p>\n<h4>Metalizados<\/h4>\n<p>A gama <strong>metalizados<\/strong> faz com que a sua decora\u00e7\u00e3o fique com um efeito de alum\u00ednio, dourado ou at\u00e9 mesmo ferrugem.<\/p>\n<p>Temos v\u00e1rias solu\u00e7\u00f5es para si.[\/vc_column_text][vc_single_image image=&#8221;22589&#8243; img_size=&#8221;500&#215;500&#8243; qode_css_animation=&#8221;&#8221;][vc_empty_space height=&#8221;55px&#8221;][vc_column_text]<\/p>\n<h4>Purpurinas<\/h4>\n<p>A gama <strong>purpurinas<\/strong> faz com que a sua decora\u00e7\u00e3o fique com uma inspira\u00e7\u00e3o de disco. Ideais para criar ambientes em house party ou at\u00e9 mesmo no seu estabelecimento. Podem ser coloridas ou n\u00e3o.<\/p>\n<p>Temos v\u00e1rias solu\u00e7\u00f5es para si.[\/vc_column_text][vc_single_image image=&#8221;22591&#8243; img_size=&#8221;500&#215;500&#8243; qode_css_animation=&#8221;&#8221;][vc_empty_space height=&#8221;55px&#8221;][vc_column_text]<\/p>\n<h4>Pedras naturais<\/h4>\n<p>A gama <strong>pedra naturais<\/strong> torna simples aquela parede estilo &#8220;nova-iorquino&#8221;. Temos pedras cinzentas e bet\u00e3o. Tudo para uma decora\u00e7\u00e3o industrial.<\/p>\n<p>Temos v\u00e1rias solu\u00e7\u00f5es para si.[\/vc_column_text][vc_single_image image=&#8221;22593&#8243; img_size=&#8221;500&#215;500&#8243; qode_css_animation=&#8221;&#8221;][vc_empty_space height=&#8221;55px&#8221;][vc_column_text]<\/p>\n<h4>T\u00eaxteis<\/h4>\n<p>Na gama <strong>t\u00eaxteis<\/strong> vai encontrar materiais e cores. Gra\u00e7as \u00e0s texturas consegue criar um ambiente \u00fanico e charmoso.<\/p>\n<p>Temos v\u00e1rias solu\u00e7\u00f5es para si.[\/vc_column_text][vc_single_image image=&#8221;22600&#8243; img_size=&#8221;500&#215;500&#8243; qode_css_animation=&#8221;&#8221;][vc_empty_space height=&#8221;55px&#8221;][\/vc_column][\/vc_row]<\/p>\n<\/div>","protected":false},"excerpt":{"rendered":"<p>[vc_row row_type=&#8221;row&#8221; use_row_as_full_screen_section=&#8221;no&#8221; type=&#8221;full_width&#8221; text_align=&#8221;left&#8221; background_animation=&#8221;none&#8221; css_animation=&#8221;&#8221;][vc_column][vc_column_text] Pel\u00edculas de revestimento de superficies para design de interiores &nbsp; Os vinis decorativos s\u00e3o ideais para inovar no seu projeto ou para aplicar em qualquer ideia criativa. As pel\u00edculas s\u00e3o produzidas com um componente adesivo especializado, aderem em&#8230;<\/p>\n","protected":false},"author":5,"featured_media":0,"parent":0,"menu_order":0,"comment_status":"closed","ping_status":"closed","template":"","meta":{"_monsterinsights_skip_tracking":false,"_monsterinsights_sitenote_active":false,"_monsterinsights_sitenote_note":"","_monsterinsights_sitenote_category":0},"yoast_head":"<!-- This site is optimized with the Yoast SEO plugin v21.1 - https:\/\/yoast.com\/wordpress\/plugins\/seo\/ -->\n<title>Arquitetura - INNOVART<\/title>\n<meta name=\"robots\" content=\"index, follow, max-snippet:-1, max-image-preview:large, max-video-preview:-1\" \/>\n<link rel=\"canonical\" href=\"https:\/\/www.innovart.pt\/n2\/arquitetura\/\" \/>\n<meta property=\"og:locale\" content=\"pt_PT\" \/>\n<meta property=\"og:type\" content=\"article\" \/>\n<meta property=\"og:title\" content=\"Arquitetura - INNOVART\" \/>\n<meta property=\"og:description\" content=\"[vc_row row_type=&#8221;row&#8221; use_row_as_full_screen_section=&#8221;no&#8221; type=&#8221;full_width&#8221; text_align=&#8221;left&#8221; background_animation=&#8221;none&#8221; css_animation=&#8221;&#8221;][vc_column][vc_column_text] Pel\u00edculas de revestimento de superficies para design de interiores &nbsp; Os vinis decorativos s\u00e3o ideais para inovar no seu projeto ou para aplicar em qualquer ideia criativa. As pel\u00edculas s\u00e3o produzidas com um componente adesivo especializado, aderem em...\" \/>\n<meta property=\"og:url\" content=\"https:\/\/www.innovart.pt\/n2\/arquitetura\/\" \/>\n<meta property=\"og:site_name\" content=\"INNOVART\" \/>\n<meta property=\"article:modified_time\" content=\"2023-03-16T13:32:22+00:00\" \/>\n<meta name=\"twitter:card\" content=\"summary_large_image\" \/>\n<meta name=\"twitter:label1\" content=\"Tempo estimado de leitura\" \/>\n\t<meta name=\"twitter:data1\" content=\"3 minutos\" \/>\n<!-- \/ Yoast SEO plugin. -->","yoast_head_json":{"title":"Arquitetura - INNOVART","robots":{"index":"index","follow":"follow","max-snippet":"max-snippet:-1","max-image-preview":"max-image-preview:large","max-video-preview":"max-video-preview:-1"},"canonical":"https:\/\/www.innovart.pt\/n2\/arquitetura\/","og_locale":"pt_PT","og_type":"article","og_title":"Arquitetura - INNOVART","og_description":"[vc_row row_type=&#8221;row&#8221; use_row_as_full_screen_section=&#8221;no&#8221; type=&#8221;full_width&#8221; text_align=&#8221;left&#8221; background_animation=&#8221;none&#8221; css_animation=&#8221;&#8221;][vc_column][vc_column_text] Pel\u00edculas de revestimento de superficies para design de interiores &nbsp; Os vinis decorativos s\u00e3o ideais para inovar no seu projeto ou para aplicar em qualquer ideia criativa. As pel\u00edculas s\u00e3o produzidas com um componente adesivo especializado, aderem em...","og_url":"https:\/\/www.innovart.pt\/n2\/arquitetura\/","og_site_name":"INNOVART","article_modified_time":"2023-03-16T13:32:22+00:00","twitter_card":"summary_large_image","twitter_misc":{"Tempo estimado de leitura":"3 minutos"},"schema":{"@context":"https:\/\/schema.org","@graph":[{"@type":"WebPage","@id":"https:\/\/www.innovart.pt\/n2\/arquitetura\/","url":"https:\/\/www.innovart.pt\/n2\/arquitetura\/","name":"Arquitetura - INNOVART","isPartOf":{"@id":"https:\/\/www.innovart.pt\/n2\/#website"},"datePublished":"2023-03-14T12:52:57+00:00","dateModified":"2023-03-16T13:32:22+00:00","breadcrumb":{"@id":"https:\/\/www.innovart.pt\/n2\/arquitetura\/#breadcrumb"},"inLanguage":"pt-PT","potentialAction":[{"@type":"ReadAction","target":["https:\/\/www.innovart.pt\/n2\/arquitetura\/"]}]},{"@type":"BreadcrumbList","@id":"https:\/\/www.innovart.pt\/n2\/arquitetura\/#breadcrumb","itemListElement":[{"@type":"ListItem","position":1,"name":"Home","item":"https:\/\/www.innovart.pt\/n2\/"},{"@type":"ListItem","position":2,"name":"Arquitetura"}]},{"@type":"WebSite","@id":"https:\/\/www.innovart.pt\/n2\/#website","url":"https:\/\/www.innovart.pt\/n2\/","name":"INNOVART","description":"Impress&atilde;o fora de formato","potentialAction":[{"@type":"SearchAction","target":{"@type":"EntryPoint","urlTemplate":"https:\/\/www.innovart.pt\/n2\/?s={search_term_string}"},"query-input":"required name=search_term_string"}],"inLanguage":"pt-PT"}]}},"_links":{"self":[{"href":"https:\/\/www.innovart.pt\/n2\/wp-json\/wp\/v2\/pages\/22521"}],"collection":[{"href":"https:\/\/www.innovart.pt\/n2\/wp-json\/wp\/v2\/pages"}],"about":[{"href":"https:\/\/www.innovart.pt\/n2\/wp-json\/wp\/v2\/types\/page"}],"author":[{"embeddable":true,"href":"https:\/\/www.innovart.pt\/n2\/wp-json\/wp\/v2\/users\/5"}],"replies":[{"embeddable":true,"href":"https:\/\/www.innovart.pt\/n2\/wp-json\/wp\/v2\/comments?post=22521"}],"version-history":[{"count":62,"href":"https:\/\/www.innovart.pt\/n2\/wp-json\/wp\/v2\/pages\/22521\/revisions"}],"predecessor-version":[{"id":22603,"href":"https:\/\/www.innovart.pt\/n2\/wp-json\/wp\/v2\/pages\/22521\/revisions\/22603"}],"wp:attachment":[{"href":"https:\/\/www.innovart.pt\/n2\/wp-json\/wp\/v2\/media?parent=22521"}],"curies":[{"name":"wp","href":"https:\/\/api.w.org\/{rel}","templated":true}]}}